1300122101 - 10?
31311300122031
In base 8, what is 2121 - -30713?
33034
In base 9, what is 171564 - -22?
171586
In base 9, what is -3 + 45052856?
45052853
In base 6, what is -2 + -11225512?
-11225514
In base 10, what is -37708045 + -4?
-37708049
In base 9, what is -4 - -25768726?
25768722
In base 11, what is 6026a4 - 316?
602389
In base 4, what is -323 + -1230312123?
-1230313112
In base 14, what is 3cbd487 - 1?
3cbd486
In base 7, what is -1 + 362044562?
362044561
In base 12, what is a3 - -17a15?
17ab8
In base 3, what is 11002121000 - 102001?
11002011222
In base 12, what is -1 + -107980ba?
-107980bb
In base 3, what is 1000 - 12022112121211?
-12022112120211
In base 7, what is 33131 - -21555?
55016
In base 11, what is a4 - -10584?
10678
In base 8, what is -336213467 + 0?
-336213467
In base 14, what is -19b9 - -2068?
48d
In base 6, what is 241424320321 - -5?
241424320330
In base 14, what is 195 - d05b?
-cca6
In base 8, what is -46 + -2144205?
-2144253
In base 9, what is -5 - -155726043?
155726037
In base 10, what is 2605009739 - -4?
2605009743
In base 5, what is -3232 + 4114314?
4111032
In base 12, what is -508 + 297417?
296b0b
In base 5, what is 2 - 14311304404?
-14311304402
In base 14, what is -11839d35 + -1?
-11839d36
In base 13, what is -2c3b036 + 2?
-2c3b034
In base 13, what is -68b6b - -45?
-68b26
In base 9, what is 1541604 + 40?
1541644
In base 6, what is -13 + -152152013?
-152152030
In base 8, what is -2 - 1732471277?
-1732471301
In base 12, what is -5390b + -90?
-5399b
In base 10, what is 5 + 11602826?
11602831
In base 6, what is 154354 + -1243?
153111
In base 16, what is -49fc - 145?
-4b41
In base 9, what is 1874666 - 11?
1874655
In base 2, what is -101000100011110 - -1111010011?
-100110101001011
In base 7, what is 236150564 + -24?
236150540
In base 12, what is 2882510 - -3?
2882513
In base 6, what is -12 + 232343222?
232343210
In base 10, what is 2 - -92062009?
92062011
In base 15, what is -2 - -3e77248?
3e77246
In base 10, what is 71 + -717672?
-717601
In base 9, what is -3 - 5588012?
-5588015
In base 16, what is -4b6a + 3a70?
-10fa
In base 8, what is -1 - -2362022?
2362021
In base 12, what is 87183 + -107?
87078
In base 6, what is 30520121444 - -2?
30520121450
In base 2, what is -1100110000011100 - -10000100?
-1100101110011000
In base 2, what is -10001001 - -100010101001000?
100010010111111
In base 2, what is 10 + 11110000011010010?
11110000011010100
In base 16, what is 18e05 - af?
18d56
In base 4, what is -3013033 + -301231?
-3320330
In base 9, what is -1746340 - 20?
-1746360
In base 12, what is 4 + -364b05?
-364b01
In base 13, what is 405256 - -1?
405257
In base 12, what is 75b514 - -10?
75b524
In base 14, what is 0 + 5c762d?
5c762d
In base 6, what is -10130 + 14045043?
14034513
In base 4, what is 110012311 - -1022302?
111101213
In base 13, what is 10 - 41b03?
-41ac3
In base 10, what is 1 + -3618860?
-3618859
In base 15, what is 1e89 + 9aae?
ba48
In base 8, what is -1664 - -70723?
67037
In base 4, what is 30000000 + 11110?
30011110
In base 7, what is 2311 + -35654?
-33343
In base 6, what is -12342 - -131402?
115020
In base 4, what is -220232201231 - 0?
-220232201231
In base 5, what is -1033 - -4332100303?
4332044220
In base 3, what is -100002022 - 1002?
-100010101
In base 3, what is 12201211211 - 11?
12201211200
In base 10, what is 805049 + 10?
805059
In base 2, what is -1111100010011111100010010010 + -10?
-1111100010011111100010010100
In base 2, what is 11110010 - 110101000101010111?
-110101000001100101
In base 12, what is 1160b + -1a76?
b755
In base 3, what is 100101 + -1211221021121?
-1211220221020
In base 5, what is 1 + 4204001044?
4204001100
In base 8, what is 2 + 533615711?
533615713
In base 16, what is -392c - 443a?
-7d66
In base 14, what is dab59 + -51?
dab08
In base 12, what is -1b1118b7 + 3?
-1b1118b4
In base 3, what is -2012 + 211211212202?
211211210120
In base 9, what is 255 + 2421510?
2421765
In base 16, what is -22261 - 196?
-223f7
In base 15, what is -4c3acb30 + 2?
-4c3acb2d
In base 5, what is -33023234010 - 14?
-33023234024
In base 9, what is -20 + -261048?
-261068
In base 12, what is 26 - -121863?
121889
In base 9, what is 1143 - -5?
1148
In base 14, what is -11d461 + -10?
-11d471
In base 11, what is -342a + -22706?
-26035
In base 14, what is -4a - 26633?
-2667d
In base 15, what is 11825615 - 3?
11825612
In base 11, what is -1054 - 99a1?
-aa45
In base 16, what is -8baa - -6d?
-8b3d
In base 9, what is -10675 - 34781?
-45566
In base 11, what is -2 + -2535a74?
-2535a76
In base 5, what is 142024213 + 24?
142024242
In base 16, what is 51946 + -b?
5193b
In base 14, what is -15 + 419b99?
419b84
In base 3, what is -122111020 - 1102221210?
-2002110000
In base 6, what is 1333450 - -413?
1334303
In base 10, what is 494904 + -3?
494901
In base 12, what is -170 - -14315?
14165
In base 3, what is -110021220 - -10200021?
-22121122
In base 16, what is -12 - -2ab1dc?
2ab1ca
In base 16, what is 5 - -3f3cd1?
3f3cd6
In base 5, what is -11310 + -14030444?
-14042304
In base 7, what is -30 - -34603434?
34603404
In base 9, what is -116012 + 13541?
-102361
In base 8, what is -70542 + 25?
-70515
In base 6, what is -2220 + -145524?
-152144
In base 15, what is 2276742e + 5?
22767434
In base 15, what is -5 + 80e0cc?
80e0c7
In base 7, what is 23 + 453065414?
453065440
In base 6, what is -142 - -212212301?
212212115
In base 2, what is 11111000011000 + -11001111101?
11011110011011
In base 8, what is -460 + -52133?
-52613
In base 4, what is 10122130302130 + -11?
10122130302113
In base 8, what is 5457 + -102?
5355
In base 16, what is -24e + c85?
a37
In base 15, what is 252301 - 5b?
252295
In base 3, what is 100102001 - 1201000?
21201001
In base 10, what is 60 - 227277?
-227217
In base 8, what is -5150 - 4?
-5154
In base 16, what is 8e9c + -20c?
8c90
In base 15, what is 1 - 82d037?
-82d036
In base 13, what is 11 - 2322631?
-2322620
In base 11, what is 288464 - 6?
288459
In base 3, what is -10000011000002 - -20001?
-10000010210001
In base 10, what is -20231 - 58?
-20289
In base 6, what is -1344 - 433200?
-434544
In base 2, what is -101 + -10010100100100010101010?
-10010100100100010101111
In base 7, what is 5506516 + 41?
5506560
In base 10, what is 19900 + -9215?
10685
In base 6, what is 2404125041 - -10?
2404125051
In base 6, what is -4 + 5245540032?
5245540024
In base 14, what is 268318b + 35?
26831c2
In base 15, what is -b23b - -54c?
-abde
In base 10, what is -1687 - 2188?
-3875
In base 9, what is 4 - -3407668?
3407673
In base 11, what is 9625 - 15808?
-7193
In base 14, what is -5b7 - -2b20?
2547
In base 11, what is 7382 + 11?
7393
In base 13, what is 3 - a9b92c3?
-a9b92c0
In base 2, what is 100011011000110000010100110 + 100?
100011011000110000010101010
In base 5, what is 40100300 + 111?
40100411
In base 15, what is -1 - a3bb08?
-a3bb09
In base 10, what is 6045612 + 4?
6045616
In base 12, what is -4 - -b4ba49?
b4ba45
In base 3, what is -20 - 111202201100121?
-111202201100211
In base 3, what is -11112 + -20120220000202?
-20120220012021
In base 6, what is -1300033 + 1114?
-1254515
In base 2, what is -1101101101001110000 + -10100010?
-1101101101100010010
In base 5, what is -3 + 3320002112?
3320002104
In base 2, what is -110000 + -101101000111001100001?
-101101000111010010001
In base 9, what is 2185318 - -416?
2185735
In base 5, what is -411 - -21402121?
21401210
In base 14, what is -bc8380 - -40?
-bc8340
In base 6, what is 21411520001 + 3?
21411520004
In base 7, what is -45330 - -4404?
-40623
In base 13, what is -697127 - -44?
-6970b3
In base 15, what is -135916a + 39?
-1359131
In base 14, what is 15 + 705?
71a
In base 3, what is 22012200 + 100210122?
200000022
In base 10, what is 4879505 + -78?
4879427
In base 5, what is -1222123 + 203?
-1221420
In base 2, what is 100111001101111 - 11110011011?
100011011010100
In base 16, what is -2 - 4b2a10?
-4b2a12
In base 3, what is 2102221100121 - 11?
2102221100110
In base 10, what is 1 - -108569173?
108569174
In base 13, what is 10207 - -62c?
10836
In base 10, what is -20510 - 6256?
-26766
In base 7, what is 6023504 - -160?
6023664
In base 2, what is 1010000010100111 + 1000000101010?
1011000011010001
In base 14, what is 17a1d03 + -17?
17a1cca
In base 7, what is 25 - 16001316?
-16001261
In base 7, what is 560